Is 1058215 a prime number?
False
Is 912869 a prime number?
True
Is 316655 a prime number?
False
Is 4523107 a prime number?
True
Is 7187 a composite number?
False
Is 126149 a composite number?
True
Is 13397 prime?
True
Is 931467 prime?
False
Is 22291 composite?
False
Is 273503 a composite number?
False
Is 46807 a prime number?
True
Is 5461 composite?
True
Is 19697 prime?
True
Is 2471 a composite number?
True
Is 26969 a composite number?
True
Is 134143 prime?
False
Is 235757 a prime number?
False
Is 333169 prime?
False
Is 127499 prime?
False
Is 47831 prime?
False
Is 20051 a composite number?
False
Is 937121 composite?
False
Is 475126 composite?
True
Is 2719991 prime?
True
Is 296519 a prime number?
True
Is 507883 composite?
False
Is 502 prime?
False
Is 6187 composite?
True
Is 1403 composite?
True
Is 37441 a prime number?
True
Is 4283 a composite number?
False
Is 1146085 a prime number?
False
Is 9673 a prime number?
False
Is 118127 prime?
True
Is 82343 a composite number?
True
Is 6101 composite?
False
Is 87359 prime?
True
Is 548417 prime?
True
Is 319141 prime?
False
Is 2657 composite?
False
Is 1693 a prime number?
True
Is 11017 prime?
False
Is 129361 a prime number?
True
Is 465977 composite?
False
Is 40577 a prime number?
True
Is 14591 prime?
True
Is 175283 composite?
True
Is 401 a composite number?
False
Is 26867 composite?
True
Is 822989 prime?
True
Is 9611 composite?
True
Is 88721 a composite number?
False
Is 92698 composite?
True
Is 12587 a prime number?
False
Is 19523 a composite number?
True
Is 231757 composite?
True
Is 8263 a composite number?
False
Is 2741 composite?
False
Is 17035 a composite number?
True
Is 8977 prime?
False
Is 40459 a prime number?
True
Is 30434 prime?
False
Is 55465 a prime number?
False
Is 308663 a composite number?
False
Is 484549 a prime number?
False
Is 32177 a composite number?
True
Is 673 composite?
False
Is 339631 prime?
True
Is 1949 prime?
True
Is 293041 prime?
False
Is 153379 a composite number?
False
Is 224539 a composite number?
True
Is 3131 prime?
False
Is 157 composite?
False
Is 3287 a prime number?
False
Is 359143 a composite number?
False
Is 447611 a composite number?
False
Is 5979797 prime?
True
Is 1076107 a prime number?
True
Is 483967 a composite number?
True
Is 647 a prime number?
True
Is 55477 prime?
False
Is 408638 a prime number?
False
Is 1468371 a prime number?
False
Is 2161 a composite number?
False
Is 848803 a composite number?
False
Is 7123 a composite number?
True
Is 185899 a composite number?
True
Is 31883 a composite number?
False
Is 2144981 composite?
True
Is 148663 a prime number?
True
Is 5749 prime?
True
Is 2939 composite?
False
Is 89687 prime?
False
Is 11021 a composite number?
True
Is 979311 composite?
True
Is 10078 composite?
True
Is 106409 composite?
True
Is 6305171 composite?
False
Is 1065557 composite?
False
Is 409498 a prime number?
False
Is 75931 composite?
False
Is 208319 a prime number?
True
Is 803 a prime number?
False
Is 877 a composite number?
False
Is 419651 prime?
True
Is 21701 a composite number?
False
Is 23311 prime?
True
Is 12841 composite?
False
Is 865 composite?
True
Is 27923 a composite number?
True
Is 67829 composite?
False
Is 2608561 composite?
False
Is 13649 a composite number?
False
Is 496198 prime?
False
Is 2929 composite?
True
Is 317711 prime?
True
Is 1962863 composite?
True
Is 57083 composite?
True
Is 1148663 a prime number?
True
Is 239417 prime?
True
Is 2291 a composite number?
True
Is 69985 a prime number?
False
Is 13441 composite?
False
Is 322211 a prime number?
False
Is 15091 a composite number?
False
Is 712873 composite?
True
Is 15434 a composite number?
True
Is 100021 a prime number?
False
Is 7907 a composite number?
False
Is 1262 a composite number?
True
Is 443101 a prime number?
False
Is 5906 composite?
True
Is 2483 prime?
False
Is 19858 prime?
False
Is 41579 a prime number?
True
Is 269 composite?
False
Is 487 prime?
True
Is 2545 prime?
False
Is 505 a prime number?
False
Is 5333 a composite number?
False
Is 143093 a composite number?
False
Is 8999 a composite number?
False
Is 275549 a composite number?
False
Is 779 a composite number?
True
Is 236207 a composite number?
False
Is 79 a prime number?
True
Is 13513 a composite number?
False
Is 787 prime?
True
Is 16301 a composite number?
False
Is 675871 composite?
True
Is 580427 a composite number?
True
Is 645671 a composite number?
True
Is 428951 composite?
False
Is 11197 composite?
False
Is 211 a composite number?
False
Is 32819 a prime number?
False
Is 16707 a composite number?
True
Is 226267 a composite number?
False
Is 1697609 a composite number?
True
Is 593023 prime?
False
Is 599213 a prime number?
True
Is 22733 a composite number?
True
Is 389941 a prime number?
True
Is 88393 prime?
False
Is 476723 prime?
False
Is 1543 a composite number?
False
Is 32117 a composite number?
False
Is 45755 prime?
False
Is 140977 composite?
False
Is 74379 prime?
False
Is 17517 a prime number?
False
Is 703 composite?
True
Is 30881 a prime number?
True
Is 139051 prime?
False
Is 94201 a composite number?
False
Is 6022 prime?
False
Is 383803 a composite number?
True
Is 133747 composite?
True
Is 256639 a composite number?
False
Is 15131 composite?
False
Is 20309 composite?
True
Is 10055 a prime number?
False
Is 142529 prime?
True
Is 52063 a prime number?
False
Is 727071 composite?
True
Is 1209994 prime?
False
Is 1649 a prime number?
False
Is 1473779 a composite number?
True
Is 3862 a composite number?
True
Is 17881 composite?
False
Is 409579 a prime number?
True
Is 203 a prime number?
False
Is 175251 composite?
True
Is 3766631 a prime number?
False
Is 10289 a prime number?
True
Is 562 prime?
False
Is 9257 prime?
True
Is 247183 a composite number?
False
Is 31177 composite?
False
Is 958651 prime?
False
Is 6421 a composite number?
False
Is 8269 prime?
True
Is 24169 a composite number?
False
Is 101051 a composite number?
False
Is 5753 composite?
True
Is 55109 prime?
True
Is 90311 a composite number?
True
Is 56731 a composite number?
False
Is 6065 prime?
False
Is 477941 prime?
True
Is 71639 prime?
False
Is 186487 composite?
True
Is 2021335 a prime number?
False
Is 271429 composite?
False
Is 70145 prime?
False
Is 490258 a composite number?
True
Is 2931 a composite number?
True
Is 173809 a composite number?
True
Is 7669 a prime number?
True
Is 19303 composite?
True
Is 88045 a prime number?
False
Is 7349 prime?
True
Is 160231 prime?
True
Is 100649 a composite number?
False
Is 156929 composite?
True
Is 79031 a composite number?
False
Is 41267 prime?
False
Is 2333 composite?
False
Is 161165 composite?
True
Is 20413 composite?
True
Is 23713 a composite number?
True
Is 91717 a composite number?
True
Is 20665 a prime number?
False
Is 2794297 a prime number?
False
Is 172915 composite?
True
Is 8209 a composite number?
False
Is 54751 prime?
True
Is 108041 composite?
False
Is 56361 a composite number?
True
Is 286531 composite?
True
Is 671 composite?
True
Is 2927 prime?
True
Is 43391 a prime number?
True
Is 413111 a composite number?
False
Is 12097 prime?
True
Is 29663 composite?
False
Is 98661 a composite number?
True
Is 10617 prime?
False
Is 57949 composite?
True
Is 9533 a prime number?
True
Is 100574 a composite number?
True
Is 789 a composite number?
True
Is 59811 prime?
False
Is 2905411 prime?
True
Is 482789 a prime number?
True
Is 122339 prime?
False
Is 576949 a composite number?
False
Is 30103 composite?
False
Is 5793 a prime number?
False
Is 9901 a prime number?
True
Is 2927 a composite number?
False
Is 4751 a composite number?
False
Is 77437 composite?
True
Is 1523 prime?
True
Is 1903429 a prime number?
False
Is 2081 a composite number?
False
Is 265943 a prime number?
False
Is 6131 composite?
False
Is 3787 prime?
False
Is 120221 a prime number?
False
Is 11969 a composite number?
False
Is 6158 composite?
True
Is 2459 prime?
True
Is 3461935 a composite number?
True
Is 16603 a composite number?
False
Is 179479 composite?
False
Is 23081 composite?
False
Is 50107 a prime number?
False
Is 63177 a prime number?
False
Is 1062511 prime?
True
Is 95509 a prime number?
False
Is 1851527 a composite number?
True
Is 1119091 a composite number?
False
Is 6337 prime?
True
Is 24749 a composite number?
False
Is 3587 a prime number?
False
Is 59 compo